{"id":52,"date":"2024-04-04T10:28:07","date_gmt":"2024-04-04T13:28:07","guid":{"rendered":"https:\/\/neder.letsite.com.br\/?post_type=profissional&#038;p=52"},"modified":"2024-05-24T16:22:05","modified_gmt":"2024-05-24T19:22:05","slug":"marcos-vinicius-neder","status":"publish","type":"profissional","link":"https:\/\/nedereromano.com.br\/en\/profissional\/marcos-vinicius-neder\/","title":{"rendered":"Marcos Vinicius Neder"},"content":{"rendered":"<p><\/p>\n<div>\n<p><b><span lang=\"EN-US\">Partner<\/span><\/b><\/p>\n<\/div>\n<div>\n<p><span lang=\"EN-US\">Founding partner, he represents foreign and domestic clients in sophisticated tax matters, in both tax consultancy and tax litigation before all courts. He was a partner at Trench Rossi Watanabe from 2011 to 2021. <\/span><\/p>\n<\/div>\n<div>\n<p><span lang=\"EN-US\">He had a successful 25-year career in the Tax Administration, holding the positions of Under-Secretary of Inspection of the Federal Revenue Service, 12 years as President-Councilor of the Administrative Council of Tax Appeals (CARF), as well as Coordinator of Income Tax in the General Coordination of Taxation (Cosit) and Coordinator of Research and Investigation (Tax Intelligence).<\/span><\/p>\n<\/div>\n<div>\n<p><span lang=\"EN-US\">Appointed as one of Brazil&#8217;s leading lawyers in the tax field by Chambers and Partners, Legal 500, Leaders League, LACCA and Who&#8217;s Who Legal.<\/span><\/p>\n<\/div>\n<div>\n<p><b><span lang=\"EN-US\">Academic Background<\/span><\/b><\/p>\n<\/div>\n<div>\n<p><span lang=\"EN-US\">PhD in Public Law from the Pontifical Catholic University of S\u00e3o Paulo (PUC), Civil Engineer from the Military Engineering Institute (IME) and Economics from the Candido Mendes University.<\/span><\/p>\n<\/div>\n<div>\n<p><span lang=\"EN-US\">Postgraduate studies in Comparative Tax Policy and Administration at Harvard University (Kennedy School of Government, Cambridge, USA); Postgraduate studies in Computer Audit &#8211; University of Waterloo, Canada; Postgraduate studies in International Taxation &#8211; Japan International Corporation Agency (JICA); and Postgraduate studies in Financial Fraud, Federal Law Enforcement Training Center, Internal Revenue Service &#8211; IRF, USA, 1993.<\/span><\/p>\n<\/div>\n<div>\n<p><b><span lang=\"EN-US\">Activities outside the office<\/span><\/b><\/p>\n<\/div>\n<div>\n<p><span lang=\"EN-US\">Neder is a<\/span> <span lang=\"EN-US\">founding partner of the Dialectic School of Law and Administration (&#8220;EDDA&#8221;). He is also a professor in the post-graduate courses of the Brazilian Institute of Tax Law (IBET). He is Councilor of the Conselho Superior de Altos Estudos Jur\u00eddicos [Superior Council of Senior Legal Studies] (Conjur) of FIESP, Councilor of the Conselho de Altos Estudos de Finan\u00e7as e Tributa\u00e7\u00e3o (CAEFT) \u2013 the Associa\u00e7\u00e3o Comercial de S\u00e3o Paulo and Member of the IASP Tax Law\u00a0\u00a0 Commission.<\/span><\/p>\n<\/div>\n<div>\n<p><b><span lang=\"EN-US\">Published Articles<\/span><\/b><\/p>\n<\/div>\n<div>\n<ol>\n<li><span lang=\"EN-US\">Comments on the Federal Tax Administrative Proceeding), Editora Dial\u00e9tica, S\u00e3o Paulo, 4rd ed. in 2023;<\/span><\/li>\n<li><span lang=\"EN-US\">Taxation on the sale of foreign companies that hold assets in Brazil. <\/span>In: XX Congresso Nacional de Estudos Tribut\u00e1rios do IBET. Editora Noeses, 2023<\/li>\n<li>Deductibility of Interest on Equity relating to previous years. In: Digital Book of the Santa Catarina Seminar on Legal and Accounting Updates. CRCSC, 2022<\/li>\n<li>Income Tax Regulation, Editora Thomson Reuters, 2005 \u2013 2020 (co-author);<\/li>\n<\/ol>\n<\/div>\n<div>\n<p style=\"text-align: left;\"><b><span lang=\"EN-US\">Relevant Events<\/span><\/b><\/p>\n<\/div>\n<div>\n<ol>\n<li><span lang=\"EN-US\">XX IBET National Congress of Tax Studies. TAX PLANNING &#8211; Disposal of companies abroad that hold assets in Brazil. 2023<\/span><\/li>\n<li>XXXVI Brazilian Congress of Tax Law &#8211; IDEPE. Tax Planning, 2023<\/li>\n<li><span lang=\"EN-US\">II International Tax Law Congress &#8211; IAT. <\/span>Federal Tax Reform. 2023<\/li>\n<\/ol>\n<\/div>\n<p><\/p>","protected":false},"excerpt":{"rendered":"<p>Partner Founding partner, he represents foreign and domestic clients in sophisticated tax matters, in both tax consultancy and tax litigation before all courts. He was [&hellip;]<\/p>\n","protected":false},"featured_media":12,"template":"","tipo":[2],"class_list":["post-52","profissional","type-profissional","status-publish","has-post-thumbnail","hentry","tipo-partners"],"acf":[],"yoast_head":"<!-- This site is optimized with the Yoast SEO plugin v24.4 - https:\/\/yoast.com\/wordpress\/plugins\/seo\/ -->\n<title>Marcos Vinicius Neder - Neder e Romano Advogados<\/title>\n<meta name=\"robots\" content=\"index, follow, max-snippet:-1, max-image-preview:large, max-video-preview:-1\" \/>\n<link rel=\"canonical\" href=\"https:\/\/nedereromano.com.br\/en\/profissional\/marcos-vinicius-neder\/\" \/>\n<meta property=\"og:locale\" content=\"en_US\" \/>\n<meta property=\"og:type\" content=\"article\" \/>\n<meta property=\"og:title\" content=\"Marcos Vinicius Neder - Neder e Romano Advogados\" \/>\n<meta property=\"og:description\" content=\"Partner Founding partner, he represents foreign and domestic clients in sophisticated tax matters, in both tax consultancy and tax litigation before all courts. He was [&hellip;]\" \/>\n<meta property=\"og:url\" content=\"https:\/\/nedereromano.com.br\/en\/profissional\/marcos-vinicius-neder\/\" \/>\n<meta property=\"og:site_name\" content=\"Neder e Romano Advogados\" \/>\n<meta property=\"article:modified_time\" content=\"2024-05-24T19:22:05+00:00\" \/>\n<meta property=\"og:image\" content=\"https:\/\/nedereromano.com.br\/wp-content\/uploads\/2024\/04\/717x1080.png\" \/>\n\t<meta property=\"og:image:width\" content=\"717\" \/>\n\t<meta property=\"og:image:height\" content=\"1080\" \/>\n\t<meta property=\"og:image:type\" content=\"image\/png\" \/>\n<meta name=\"twitter:card\" content=\"summary_large_image\" \/>\n<meta name=\"twitter:label1\" content=\"Est. reading time\" \/>\n\t<meta name=\"twitter:data1\" content=\"4 minutes\" \/>\n<script type=\"application\/ld+json\" class=\"yoast-schema-graph\">{\"@context\":\"https:\/\/schema.org\",\"@graph\":[{\"@type\":\"WebPage\",\"@id\":\"https:\/\/nedereromano.com.br\/en\/profissional\/marcos-vinicius-neder\/\",\"url\":\"https:\/\/nedereromano.com.br\/en\/profissional\/marcos-vinicius-neder\/\",\"name\":\"Marcos Vinicius Neder - Neder e Romano Advogados\",\"isPartOf\":{\"@id\":\"https:\/\/nedereromano.com.br\/en\/#website\"},\"primaryImageOfPage\":{\"@id\":\"https:\/\/nedereromano.com.br\/en\/profissional\/marcos-vinicius-neder\/#primaryimage\"},\"image\":{\"@id\":\"https:\/\/nedereromano.com.br\/profissional\/marcos-vinicius-neder\/#primaryimage\"},\"thumbnailUrl\":\"https:\/\/nedereromano.com.br\/wp-content\/uploads\/2024\/04\/717x1080.png\",\"datePublished\":\"2024-04-04T13:28:07+00:00\",\"dateModified\":\"2024-05-24T19:22:05+00:00\",\"breadcrumb\":{\"@id\":\"https:\/\/nedereromano.com.br\/en\/profissional\/marcos-vinicius-neder\/#breadcrumb\"},\"inLanguage\":\"en-US\",\"potentialAction\":[{\"@type\":\"ReadAction\",\"target\":[[\"https:\/\/nedereromano.com.br\/en\/profissional\/marcos-vinicius-neder\/\"]]}]},{\"@type\":\"ImageObject\",\"inLanguage\":\"en-US\",\"@id\":\"https:\/\/nedereromano.com.br\/en\/profissional\/marcos-vinicius-neder\/#primaryimage\",\"url\":\"https:\/\/nedereromano.com.br\/wp-content\/uploads\/2024\/04\/717x1080.png\",\"contentUrl\":\"https:\/\/nedereromano.com.br\/wp-content\/uploads\/2024\/04\/717x1080.png\",\"width\":717,\"height\":1080},{\"@type\":\"BreadcrumbList\",\"@id\":\"https:\/\/nedereromano.com.br\/en\/profissional\/marcos-vinicius-neder\/#breadcrumb\",\"itemListElement\":[{\"@type\":\"ListItem\",\"position\":1,\"name\":\"In\u00edcio\",\"item\":\"https:\/\/nedereromano.com.br\/en\/\"},{\"@type\":\"ListItem\",\"position\":2,\"name\":\"Marcos Vinicius Neder\"}]},{\"@type\":\"WebSite\",\"@id\":\"https:\/\/nedereromano.com.br\/en\/#website\",\"url\":\"https:\/\/nedereromano.com.br\/en\/\",\"name\":\"Neder e Romano Advogados\",\"description\":\"\",\"publisher\":{\"@id\":\"https:\/\/nedereromano.com.br\/en\/#organization\"},\"potentialAction\":[{\"@type\":\"SearchAction\",\"target\":{\"@type\":\"EntryPoint\",\"urlTemplate\":\"https:\/\/nedereromano.com.br\/en\/?s={search_term_string}\"},\"query-input\":{\"@type\":\"PropertyValueSpecification\",\"valueRequired\":true,\"valueName\":\"search_term_string\"}}],\"inLanguage\":\"en-US\"},{\"@type\":\"Organization\",\"@id\":\"https:\/\/nedereromano.com.br\/en\/#organization\",\"name\":\"Neder e Romano Advogados\",\"url\":\"https:\/\/nedereromano.com.br\/en\/\",\"logo\":{\"@type\":\"ImageObject\",\"inLanguage\":\"en-US\",\"@id\":\"https:\/\/nedereromano.com.br\/en\/#\/schema\/logo\/image\/\",\"url\":\"https:\/\/nedereromano.com.br\/wp-content\/uploads\/2025\/01\/Logo-02.png\",\"contentUrl\":\"https:\/\/nedereromano.com.br\/wp-content\/uploads\/2025\/01\/Logo-02.png\",\"width\":797,\"height\":148,\"caption\":\"Neder e Romano Advogados\"},\"image\":{\"@id\":\"https:\/\/nedereromano.com.br\/en\/#\/schema\/logo\/image\/\"},\"sameAs\":[\"https:\/\/www.linkedin.com\/company\/nedereromano\/posts\/?feedView=all\",\"https:\/\/www.instagram.com\/nedereromano\/\"]}]}<\/script>\n<!-- \/ Yoast SEO plugin. -->","yoast_head_json":{"title":"Marcos Vinicius Neder - Neder e Romano Advogados","robots":{"index":"index","follow":"follow","max-snippet":"max-snippet:-1","max-image-preview":"max-image-preview:large","max-video-preview":"max-video-preview:-1"},"canonical":"https:\/\/nedereromano.com.br\/en\/profissional\/marcos-vinicius-neder\/","og_locale":"en_US","og_type":"article","og_title":"Marcos Vinicius Neder - Neder e Romano Advogados","og_description":"Partner Founding partner, he represents foreign and domestic clients in sophisticated tax matters, in both tax consultancy and tax litigation before all courts. He was [&hellip;]","og_url":"https:\/\/nedereromano.com.br\/en\/profissional\/marcos-vinicius-neder\/","og_site_name":"Neder e Romano Advogados","article_modified_time":"2024-05-24T19:22:05+00:00","og_image":[{"width":717,"height":1080,"url":"https:\/\/nedereromano.com.br\/wp-content\/uploads\/2024\/04\/717x1080.png","type":"image\/png"}],"twitter_card":"summary_large_image","twitter_misc":{"Est. reading time":"4 minutes"},"schema":{"@context":"https:\/\/schema.org","@graph":[{"@type":"WebPage","@id":"https:\/\/nedereromano.com.br\/en\/profissional\/marcos-vinicius-neder\/","url":"https:\/\/nedereromano.com.br\/en\/profissional\/marcos-vinicius-neder\/","name":"Marcos Vinicius Neder - Neder e Romano Advogados","isPartOf":{"@id":"https:\/\/nedereromano.com.br\/en\/#website"},"primaryImageOfPage":{"@id":"https:\/\/nedereromano.com.br\/en\/profissional\/marcos-vinicius-neder\/#primaryimage"},"image":{"@id":"https:\/\/nedereromano.com.br\/profissional\/marcos-vinicius-neder\/#primaryimage"},"thumbnailUrl":"https:\/\/nedereromano.com.br\/wp-content\/uploads\/2024\/04\/717x1080.png","datePublished":"2024-04-04T13:28:07+00:00","dateModified":"2024-05-24T19:22:05+00:00","breadcrumb":{"@id":"https:\/\/nedereromano.com.br\/en\/profissional\/marcos-vinicius-neder\/#breadcrumb"},"inLanguage":"en-US","potentialAction":[{"@type":"ReadAction","target":[["https:\/\/nedereromano.com.br\/en\/profissional\/marcos-vinicius-neder\/"]]}]},{"@type":"ImageObject","inLanguage":"en-US","@id":"https:\/\/nedereromano.com.br\/en\/profissional\/marcos-vinicius-neder\/#primaryimage","url":"https:\/\/nedereromano.com.br\/wp-content\/uploads\/2024\/04\/717x1080.png","contentUrl":"https:\/\/nedereromano.com.br\/wp-content\/uploads\/2024\/04\/717x1080.png","width":717,"height":1080},{"@type":"BreadcrumbList","@id":"https:\/\/nedereromano.com.br\/en\/profissional\/marcos-vinicius-neder\/#breadcrumb","itemListElement":[{"@type":"ListItem","position":1,"name":"In\u00edcio","item":"https:\/\/nedereromano.com.br\/en\/"},{"@type":"ListItem","position":2,"name":"Marcos Vinicius Neder"}]},{"@type":"WebSite","@id":"https:\/\/nedereromano.com.br\/en\/#website","url":"https:\/\/nedereromano.com.br\/en\/","name":"Neder e Romano Advogados","description":"","publisher":{"@id":"https:\/\/nedereromano.com.br\/en\/#organization"},"potentialAction":[{"@type":"SearchAction","target":{"@type":"EntryPoint","urlTemplate":"https:\/\/nedereromano.com.br\/en\/?s={search_term_string}"},"query-input":{"@type":"PropertyValueSpecification","valueRequired":true,"valueName":"search_term_string"}}],"inLanguage":"en-US"},{"@type":"Organization","@id":"https:\/\/nedereromano.com.br\/en\/#organization","name":"Neder e Romano Advogados","url":"https:\/\/nedereromano.com.br\/en\/","logo":{"@type":"ImageObject","inLanguage":"en-US","@id":"https:\/\/nedereromano.com.br\/en\/#\/schema\/logo\/image\/","url":"https:\/\/nedereromano.com.br\/wp-content\/uploads\/2025\/01\/Logo-02.png","contentUrl":"https:\/\/nedereromano.com.br\/wp-content\/uploads\/2025\/01\/Logo-02.png","width":797,"height":148,"caption":"Neder e Romano Advogados"},"image":{"@id":"https:\/\/nedereromano.com.br\/en\/#\/schema\/logo\/image\/"},"sameAs":["https:\/\/www.linkedin.com\/company\/nedereromano\/posts\/?feedView=all","https:\/\/www.instagram.com\/nedereromano\/"]}]}},"_links":{"self":[{"href":"https:\/\/nedereromano.com.br\/en\/wp-json\/wp\/v2\/profissional\/52","targetHints":{"allow":["GET"]}}],"collection":[{"href":"https:\/\/nedereromano.com.br\/en\/wp-json\/wp\/v2\/profissional"}],"about":[{"href":"https:\/\/nedereromano.com.br\/en\/wp-json\/wp\/v2\/types\/profissional"}],"wp:featuredmedia":[{"embeddable":true,"href":"https:\/\/nedereromano.com.br\/en\/wp-json\/wp\/v2\/media\/12"}],"wp:attachment":[{"href":"https:\/\/nedereromano.com.br\/en\/wp-json\/wp\/v2\/media?parent=52"}],"wp:term":[{"taxonomy":"tipo","embeddable":true,"href":"https:\/\/nedereromano.com.br\/en\/wp-json\/wp\/v2\/tipo?post=52"}],"curies":[{"name":"wp","href":"https:\/\/api.w.org\/{rel}","templated":true}]}}

<p></p>
<div>
<p><b><span lang="EN-US">Partner</span></b></p>
</div>
<div>
<p><span lang="EN-US">Founding partner, he represents foreign and domestic clients in sophisticated tax matters, in both tax consultancy and tax litigation before all courts. He was a partner at Trench Rossi Watanabe from 2011 to 2021. </span></p>
</div>
<div>
<p><span lang="EN-US">He had a successful 25-year career in the Tax Administration, holding the positions of Under-Secretary of Inspection of the Federal Revenue Service, 12 years as President-Councilor of the Administrative Council of Tax Appeals (CARF), as well as Coordinator of Income Tax in the General Coordination of Taxation (Cosit) and Coordinator of Research and Investigation (Tax Intelligence).</span></p>
</div>
<div>
<p><span lang="EN-US">Appointed as one of Brazil&#8217;s leading lawyers in the tax field by Chambers and Partners, Legal 500, Leaders League, LACCA and Who&#8217;s Who Legal.</span></p>
</div>
<div>
<p><b><span lang="EN-US">Academic Background</span></b></p>
</div>
<div>
<p><span lang="EN-US">PhD in Public Law from the Pontifical Catholic University of São Paulo (PUC), Civil Engineer from the Military Engineering Institute (IME) and Economics from the Candido Mendes University.</span></p>
</div>
<div>
<p><span lang="EN-US">Postgraduate studies in Comparative Tax Policy and Administration at Harvard University (Kennedy School of Government, Cambridge, USA); Postgraduate studies in Computer Audit &#8211; University of Waterloo, Canada; Postgraduate studies in International Taxation &#8211; Japan International Corporation Agency (JICA); and Postgraduate studies in Financial Fraud, Federal Law Enforcement Training Center, Internal Revenue Service &#8211; IRF, USA, 1993.</span></p>
</div>
<div>
<p><b><span lang="EN-US">Activities outside the office</span></b></p>
</div>
<div>
<p><span lang="EN-US">Neder is a</span> <span lang="EN-US">founding partner of the Dialectic School of Law and Administration (&#8220;EDDA&#8221;). He is also a professor in the post-graduate courses of the Brazilian Institute of Tax Law (IBET). He is Councilor of the Conselho Superior de Altos Estudos Jurídicos [Superior Council of Senior Legal Studies] (Conjur) of FIESP, Councilor of the Conselho de Altos Estudos de Finanças e Tributação (CAEFT) – the Associação Comercial de São Paulo and Member of the IASP Tax Law   Commission.</span></p>
</div>
<div>
<p><b><span lang="EN-US">Published Articles</span></b></p>
</div>
<div>
<ol>
<li><span lang="EN-US">Comments on the Federal Tax Administrative Proceeding), Editora Dialética, São Paulo, 4rd ed. in 2023;</span></li>
<li><span lang="EN-US">Taxation on the sale of foreign companies that hold assets in Brazil. </span>In: XX Congresso Nacional de Estudos Tributários do IBET. Editora Noeses, 2023</li>
<li>Deductibility of Interest on Equity relating to previous years. In: Digital Book of the Santa Catarina Seminar on Legal and Accounting Updates. CRCSC, 2022</li>
<li>Income Tax Regulation, Editora Thomson Reuters, 2005 – 2020 (co-author);</li>
</ol>
</div>
<div>
<p style="text-align: left;"><b><span lang="EN-US">Relevant Events</span></b></p>
</div>
<div>
<ol>
<li><span lang="EN-US">XX IBET National Congress of Tax Studies. TAX PLANNING &#8211; Disposal of companies abroad that hold assets in Brazil. 2023</span></li>
<li>XXXVI Brazilian Congress of Tax Law &#8211; IDEPE. Tax Planning, 2023</li>
<li><span lang="EN-US">II International Tax Law Congress &#8211; IAT. </span>Federal Tax Reform. 2023</li>
</ol>
</div>
<p></p>

<!-- This site is optimized with the Yoast SEO plugin v24.4 - https://yoast.com/wordpress/plugins/seo/ -->
<title>Marcos Vinicius Neder - Neder e Romano Advogados</title>
<meta name="robots" content="index, follow, max-snippet:-1, max-image-preview:large, max-video-preview:-1" />
<link rel="canonical" href="https://nedereromano.com.br/en/profissional/marcos-vinicius-neder/" />
<meta property="og:locale" content="en_US" />
<meta property="og:type" content="article" />
<meta property="og:title" content="Marcos Vinicius Neder - Neder e Romano Advogados" />
<meta property="og:description" content="Partner Founding partner, he represents foreign and domestic clients in sophisticated tax matters, in both tax consultancy and tax litigation before all courts. He was [&hellip;]" />
<meta property="og:url" content="https://nedereromano.com.br/en/profissional/marcos-vinicius-neder/" />
<meta property="og:site_name" content="Neder e Romano Advogados" />
<meta property="article:modified_time" content="2024-05-24T19:22:05+00:00" />
<meta property="og:image" content="https://nedereromano.com.br/wp-content/uploads/2024/04/717x1080.png" />
	<meta property="og:image:width" content="717" />
	<meta property="og:image:height" content="1080" />
	<meta property="og:image:type" content="image/png" />
<meta name="twitter:card" content="summary_large_image" />
<meta name="twitter:label1" content="Est. reading time" />
	<meta name="twitter:data1" content="4 minutes" />
<script type="application/ld+json" class="yoast-schema-graph">{"@context":"https://schema.org","@graph":[{"@type":"WebPage","@id":"https://nedereromano.com.br/en/profissional/marcos-vinicius-neder/","url":"https://nedereromano.com.br/en/profissional/marcos-vinicius-neder/","name":"Marcos Vinicius Neder - Neder e Romano Advogados","isPartOf":{"@id":"https://nedereromano.com.br/en/#website"},"primaryImageOfPage":{"@id":"https://nedereromano.com.br/en/profissional/marcos-vinicius-neder/#primaryimage"},"image":{"@id":"https://nedereromano.com.br/profissional/marcos-vinicius-neder/#primaryimage"},"thumbnailUrl":"https://nedereromano.com.br/wp-content/uploads/2024/04/717x1080.png","datePublished":"2024-04-04T13:28:07+00:00","dateModified":"2024-05-24T19:22:05+00:00","breadcrumb":{"@id":"https://nedereromano.com.br/en/profissional/marcos-vinicius-neder/#breadcrumb"},"inLanguage":"en-US","potentialAction":[{"@type":"ReadAction","target":[["https://nedereromano.com.br/en/profissional/marcos-vinicius-neder/"]]}]},{"@type":"ImageObject","inLanguage":"en-US","@id":"https://nedereromano.com.br/en/profissional/marcos-vinicius-neder/#primaryimage","url":"https://nedereromano.com.br/wp-content/uploads/2024/04/717x1080.png","contentUrl":"https://nedereromano.com.br/wp-content/uploads/2024/04/717x1080.png","width":717,"height":1080},{"@type":"BreadcrumbList","@id":"https://nedereromano.com.br/en/profissional/marcos-vinicius-neder/#breadcrumb","itemListElement":[{"@type":"ListItem","position":1,"name":"Início","item":"https://nedereromano.com.br/en/"},{"@type":"ListItem","position":2,"name":"Marcos Vinicius Neder"}]},{"@type":"WebSite","@id":"https://nedereromano.com.br/en/#website","url":"https://nedereromano.com.br/en/","name":"Neder e Romano Advogados","description":"","publisher":{"@id":"https://nedereromano.com.br/en/#organization"},"potentialAction":[{"@type":"SearchAction","target":{"@type":"EntryPoint","urlTemplate":"https://nedereromano.com.br/en/?s={search_term_string}"},"query-input":{"@type":"PropertyValueSpecification","valueRequired":true,"valueName":"search_term_string"}}],"inLanguage":"en-US"},{"@type":"Organization","@id":"https://nedereromano.com.br/en/#organization","name":"Neder e Romano Advogados","url":"https://nedereromano.com.br/en/","logo":{"@type":"ImageObject","inLanguage":"en-US","@id":"https://nedereromano.com.br/en/#/schema/logo/image/","url":"https://nedereromano.com.br/wp-content/uploads/2025/01/Logo-02.png","contentUrl":"https://nedereromano.com.br/wp-content/uploads/2025/01/Logo-02.png","width":797,"height":148,"caption":"Neder e Romano Advogados"},"image":{"@id":"https://nedereromano.com.br/en/#/schema/logo/image/"},"sameAs":["https://www.linkedin.com/company/nedereromano/posts/?feedView=all","https://www.instagram.com/nedereromano/"]}]}</script>
<!-- / Yoast SEO plugin. -->

Início
