{"id":35,"date":"2024-04-04T10:20:40","date_gmt":"2024-04-04T13:20:40","guid":{"rendered":"https:\/\/neder.letsite.com.br\/?page_id=35"},"modified":"2024-05-24T16:45:47","modified_gmt":"2024-05-24T19:45:47","slug":"corporate-social-responsibility","status":"publish","type":"page","link":"https:\/\/nedereromano.com.br\/en\/corporate-social-responsibility\/","title":{"rendered":"Corporate Social Responsibility"},"content":{"rendered":"<p><\/p>\n<p style=\"font-weight: 400;\">The firm has a partnership with the Neymar J\u00fanior Institute, located in Jardim Gl\u00f3ria, Praia Grande, in the state of S\u00e3o Paulo, which serves thousands of children and young people, expanding opportunities for people living in situations of social vulnerability through education, culture, sport and health.<\/p>\n<p style=\"font-weight: 400;\"><strong><a href=\"https:\/\/www.institutoneymarjr.org.br\/instituto-abre-as-portas-para-o-1o-dia-de-aula-de-2017\/\">Instituto abre as portas para o 1\u00ba dia de aula de 2017 \u2013 Instituto Neymar JR<\/a><\/strong><\/p>\n<p style=\"font-weight: 400;\">The firm also serves institutions through a pro bono advocacy program, aimed at clients who are willing to play a socially responsible role and who need legal advice.<\/p>\n<p><\/p>","protected":false},"excerpt":{"rendered":"<p>The firm has a partnership with the Neymar J\u00fanior Institute, located in Jardim Gl\u00f3ria, Praia Grande, in the state of S\u00e3o Paulo, which serves thousands of children and young people, expanding opportunities for people living in situations of social vulnerability through education, culture, sport and health.<\/p>\n","protected":false},"author":1,"featured_media":30,"parent":0,"menu_order":0,"comment_status":"closed","ping_status":"closed","template":"","meta":{"_acf_changed":false,"footnotes":""},"class_list":["post-35","page","type-page","status-publish","has-post-thumbnail","hentry"],"acf":[],"yoast_head":"<!-- This site is optimized with the Yoast SEO plugin v24.4 - https:\/\/yoast.com\/wordpress\/plugins\/seo\/ -->\n<title>Corporate Social Responsibility - Neder e Romano Advogados<\/title>\n<meta name=\"robots\" content=\"index, follow, max-snippet:-1, max-image-preview:large, max-video-preview:-1\" \/>\n<link rel=\"canonical\" href=\"https:\/\/nedereromano.com.br\/en\/corporate-social-responsibility\/\" \/>\n<meta property=\"og:locale\" content=\"en_US\" \/>\n<meta property=\"og:type\" content=\"article\" \/>\n<meta property=\"og:title\" content=\"Corporate Social Responsibility - Neder e Romano Advogados\" \/>\n<meta property=\"og:description\" content=\"The firm has a partnership with the Neymar J\u00fanior Institute, located in Jardim Gl\u00f3ria, Praia Grande, in the state of S\u00e3o Paulo, which serves thousands of children and young people, expanding opportunities for people living in situations of social vulnerability through education, culture, sport and health.\" \/>\n<meta property=\"og:url\" content=\"https:\/\/nedereromano.com.br\/en\/corporate-social-responsibility\/\" \/>\n<meta property=\"og:site_name\" content=\"Neder e Romano Advogados\" \/>\n<meta property=\"article:modified_time\" content=\"2024-05-24T19:45:47+00:00\" \/>\n<meta property=\"og:image\" content=\"https:\/\/nedereromano.com.br\/wp-content\/uploads\/2024\/04\/1920x775-11-1024x413.png\" \/>\n\t<meta property=\"og:image:width\" content=\"1024\" \/>\n\t<meta property=\"og:image:height\" content=\"413\" \/>\n\t<meta property=\"og:image:type\" content=\"image\/png\" \/>\n<meta name=\"twitter:card\" content=\"summary_large_image\" \/>\n<meta name=\"twitter:label1\" content=\"Est. reading time\" \/>\n\t<meta name=\"twitter:data1\" content=\"1 minute\" \/>\n<script type=\"application\/ld+json\" class=\"yoast-schema-graph\">{\"@context\":\"https:\/\/schema.org\",\"@graph\":[{\"@type\":\"WebPage\",\"@id\":\"https:\/\/nedereromano.com.br\/en\/corporate-social-responsibility\/\",\"url\":\"https:\/\/nedereromano.com.br\/en\/corporate-social-responsibility\/\",\"name\":\"Corporate Social Responsibility - Neder e Romano Advogados\",\"isPartOf\":{\"@id\":\"https:\/\/nedereromano.com.br\/en\/#website\"},\"primaryImageOfPage\":{\"@id\":\"https:\/\/nedereromano.com.br\/en\/corporate-social-responsibility\/#primaryimage\"},\"image\":{\"@id\":\"https:\/\/nedereromano.com.br\/corporate-social-responsibility\/#primaryimage\"},\"thumbnailUrl\":\"https:\/\/nedereromano.com.br\/wp-content\/uploads\/2024\/04\/1920x775-11.png\",\"datePublished\":\"2024-04-04T13:20:40+00:00\",\"dateModified\":\"2024-05-24T19:45:47+00:00\",\"breadcrumb\":{\"@id\":\"https:\/\/nedereromano.com.br\/en\/corporate-social-responsibility\/#breadcrumb\"},\"inLanguage\":\"en-US\",\"potentialAction\":[{\"@type\":\"ReadAction\",\"target\":[[\"https:\/\/nedereromano.com.br\/en\/corporate-social-responsibility\/\"]]}]},{\"@type\":\"ImageObject\",\"inLanguage\":\"en-US\",\"@id\":\"https:\/\/nedereromano.com.br\/en\/corporate-social-responsibility\/#primaryimage\",\"url\":\"https:\/\/nedereromano.com.br\/wp-content\/uploads\/2024\/04\/1920x775-11.png\",\"contentUrl\":\"https:\/\/nedereromano.com.br\/wp-content\/uploads\/2024\/04\/1920x775-11.png\",\"width\":1921,\"height\":775},{\"@type\":\"BreadcrumbList\",\"@id\":\"https:\/\/nedereromano.com.br\/en\/corporate-social-responsibility\/#breadcrumb\",\"itemListElement\":[{\"@type\":\"ListItem\",\"position\":1,\"name\":\"In\u00edcio\",\"item\":\"https:\/\/nedereromano.com.br\/en\/\"},{\"@type\":\"ListItem\",\"position\":2,\"name\":\"Responsabilidade Social\"}]},{\"@type\":\"WebSite\",\"@id\":\"https:\/\/nedereromano.com.br\/en\/#website\",\"url\":\"https:\/\/nedereromano.com.br\/en\/\",\"name\":\"Neder e Romano Advogados\",\"description\":\"\",\"publisher\":{\"@id\":\"https:\/\/nedereromano.com.br\/en\/#organization\"},\"potentialAction\":[{\"@type\":\"SearchAction\",\"target\":{\"@type\":\"EntryPoint\",\"urlTemplate\":\"https:\/\/nedereromano.com.br\/en\/?s={search_term_string}\"},\"query-input\":{\"@type\":\"PropertyValueSpecification\",\"valueRequired\":true,\"valueName\":\"search_term_string\"}}],\"inLanguage\":\"en-US\"},{\"@type\":\"Organization\",\"@id\":\"https:\/\/nedereromano.com.br\/en\/#organization\",\"name\":\"Neder e Romano Advogados\",\"url\":\"https:\/\/nedereromano.com.br\/en\/\",\"logo\":{\"@type\":\"ImageObject\",\"inLanguage\":\"en-US\",\"@id\":\"https:\/\/nedereromano.com.br\/en\/#\/schema\/logo\/image\/\",\"url\":\"https:\/\/nedereromano.com.br\/wp-content\/uploads\/2025\/01\/Logo-02.png\",\"contentUrl\":\"https:\/\/nedereromano.com.br\/wp-content\/uploads\/2025\/01\/Logo-02.png\",\"width\":797,\"height\":148,\"caption\":\"Neder e Romano Advogados\"},\"image\":{\"@id\":\"https:\/\/nedereromano.com.br\/en\/#\/schema\/logo\/image\/\"},\"sameAs\":[\"https:\/\/www.linkedin.com\/company\/nedereromano\/posts\/?feedView=all\",\"https:\/\/www.instagram.com\/nedereromano\/\"]}]}<\/script>\n<!-- \/ Yoast SEO plugin. -->","yoast_head_json":{"title":"Corporate Social Responsibility - Neder e Romano Advogados","robots":{"index":"index","follow":"follow","max-snippet":"max-snippet:-1","max-image-preview":"max-image-preview:large","max-video-preview":"max-video-preview:-1"},"canonical":"https:\/\/nedereromano.com.br\/en\/corporate-social-responsibility\/","og_locale":"en_US","og_type":"article","og_title":"Corporate Social Responsibility - Neder e Romano Advogados","og_description":"The firm has a partnership with the Neymar J\u00fanior Institute, located in Jardim Gl\u00f3ria, Praia Grande, in the state of S\u00e3o Paulo, which serves thousands of children and young people, expanding opportunities for people living in situations of social vulnerability through education, culture, sport and health.","og_url":"https:\/\/nedereromano.com.br\/en\/corporate-social-responsibility\/","og_site_name":"Neder e Romano Advogados","article_modified_time":"2024-05-24T19:45:47+00:00","og_image":[{"width":1024,"height":413,"url":"https:\/\/nedereromano.com.br\/wp-content\/uploads\/2024\/04\/1920x775-11-1024x413.png","type":"image\/png"}],"twitter_card":"summary_large_image","twitter_misc":{"Est. reading time":"1 minute"},"schema":{"@context":"https:\/\/schema.org","@graph":[{"@type":"WebPage","@id":"https:\/\/nedereromano.com.br\/en\/corporate-social-responsibility\/","url":"https:\/\/nedereromano.com.br\/en\/corporate-social-responsibility\/","name":"Corporate Social Responsibility - Neder e Romano Advogados","isPartOf":{"@id":"https:\/\/nedereromano.com.br\/en\/#website"},"primaryImageOfPage":{"@id":"https:\/\/nedereromano.com.br\/en\/corporate-social-responsibility\/#primaryimage"},"image":{"@id":"https:\/\/nedereromano.com.br\/corporate-social-responsibility\/#primaryimage"},"thumbnailUrl":"https:\/\/nedereromano.com.br\/wp-content\/uploads\/2024\/04\/1920x775-11.png","datePublished":"2024-04-04T13:20:40+00:00","dateModified":"2024-05-24T19:45:47+00:00","breadcrumb":{"@id":"https:\/\/nedereromano.com.br\/en\/corporate-social-responsibility\/#breadcrumb"},"inLanguage":"en-US","potentialAction":[{"@type":"ReadAction","target":[["https:\/\/nedereromano.com.br\/en\/corporate-social-responsibility\/"]]}]},{"@type":"ImageObject","inLanguage":"en-US","@id":"https:\/\/nedereromano.com.br\/en\/corporate-social-responsibility\/#primaryimage","url":"https:\/\/nedereromano.com.br\/wp-content\/uploads\/2024\/04\/1920x775-11.png","contentUrl":"https:\/\/nedereromano.com.br\/wp-content\/uploads\/2024\/04\/1920x775-11.png","width":1921,"height":775},{"@type":"BreadcrumbList","@id":"https:\/\/nedereromano.com.br\/en\/corporate-social-responsibility\/#breadcrumb","itemListElement":[{"@type":"ListItem","position":1,"name":"In\u00edcio","item":"https:\/\/nedereromano.com.br\/en\/"},{"@type":"ListItem","position":2,"name":"Responsabilidade Social"}]},{"@type":"WebSite","@id":"https:\/\/nedereromano.com.br\/en\/#website","url":"https:\/\/nedereromano.com.br\/en\/","name":"Neder e Romano Advogados","description":"","publisher":{"@id":"https:\/\/nedereromano.com.br\/en\/#organization"},"potentialAction":[{"@type":"SearchAction","target":{"@type":"EntryPoint","urlTemplate":"https:\/\/nedereromano.com.br\/en\/?s={search_term_string}"},"query-input":{"@type":"PropertyValueSpecification","valueRequired":true,"valueName":"search_term_string"}}],"inLanguage":"en-US"},{"@type":"Organization","@id":"https:\/\/nedereromano.com.br\/en\/#organization","name":"Neder e Romano Advogados","url":"https:\/\/nedereromano.com.br\/en\/","logo":{"@type":"ImageObject","inLanguage":"en-US","@id":"https:\/\/nedereromano.com.br\/en\/#\/schema\/logo\/image\/","url":"https:\/\/nedereromano.com.br\/wp-content\/uploads\/2025\/01\/Logo-02.png","contentUrl":"https:\/\/nedereromano.com.br\/wp-content\/uploads\/2025\/01\/Logo-02.png","width":797,"height":148,"caption":"Neder e Romano Advogados"},"image":{"@id":"https:\/\/nedereromano.com.br\/en\/#\/schema\/logo\/image\/"},"sameAs":["https:\/\/www.linkedin.com\/company\/nedereromano\/posts\/?feedView=all","https:\/\/www.instagram.com\/nedereromano\/"]}]}},"_links":{"self":[{"href":"https:\/\/nedereromano.com.br\/en\/wp-json\/wp\/v2\/pages\/35","targetHints":{"allow":["GET"]}}],"collection":[{"href":"https:\/\/nedereromano.com.br\/en\/wp-json\/wp\/v2\/pages"}],"about":[{"href":"https:\/\/nedereromano.com.br\/en\/wp-json\/wp\/v2\/types\/page"}],"author":[{"embeddable":true,"href":"https:\/\/nedereromano.com.br\/en\/wp-json\/wp\/v2\/users\/1"}],"replies":[{"embeddable":true,"href":"https:\/\/nedereromano.com.br\/en\/wp-json\/wp\/v2\/comments?post=35"}],"version-history":[{"count":3,"href":"https:\/\/nedereromano.com.br\/en\/wp-json\/wp\/v2\/pages\/35\/revisions"}],"predecessor-version":[{"id":393,"href":"https:\/\/nedereromano.com.br\/en\/wp-json\/wp\/v2\/pages\/35\/revisions\/393"}],"wp:featuredmedia":[{"embeddable":true,"href":"https:\/\/nedereromano.com.br\/en\/wp-json\/wp\/v2\/media\/30"}],"wp:attachment":[{"href":"https:\/\/nedereromano.com.br\/en\/wp-json\/wp\/v2\/media?parent=35"}],"curies":[{"name":"wp","href":"https:\/\/api.w.org\/{rel}","templated":true}]}}

<p></p>
<p style="font-weight: 400;">The firm has a partnership with the Neymar Júnior Institute, located in Jardim Glória, Praia Grande, in the state of São Paulo, which serves thousands of children and young people, expanding opportunities for people living in situations of social vulnerability through education, culture, sport and health.</p>
<p style="font-weight: 400;"><strong><a href="https://www.institutoneymarjr.org.br/instituto-abre-as-portas-para-o-1o-dia-de-aula-de-2017/">Instituto abre as portas para o 1º dia de aula de 2017 – Instituto Neymar JR</a></strong></p>
<p style="font-weight: 400;">The firm also serves institutions through a pro bono advocacy program, aimed at clients who are willing to play a socially responsible role and who need legal advice.</p>
<p></p>

<p>The firm has a partnership with the Neymar Júnior Institute, located in Jardim Glória, Praia Grande, in the state of São Paulo, which serves thousands of children and young people, expanding opportunities for people living in situations of social vulnerability through education, culture, sport and health.</p>

<!-- This site is optimized with the Yoast SEO plugin v24.4 - https://yoast.com/wordpress/plugins/seo/ -->
<title>Corporate Social Responsibility - Neder e Romano Advogados</title>
<meta name="robots" content="index, follow, max-snippet:-1, max-image-preview:large, max-video-preview:-1" />
<link rel="canonical" href="https://nedereromano.com.br/en/corporate-social-responsibility/" />
<meta property="og:locale" content="en_US" />
<meta property="og:type" content="article" />
<meta property="og:title" content="Corporate Social Responsibility - Neder e Romano Advogados" />
<meta property="og:description" content="The firm has a partnership with the Neymar Júnior Institute, located in Jardim Glória, Praia Grande, in the state of São Paulo, which serves thousands of children and young people, expanding opportunities for people living in situations of social vulnerability through education, culture, sport and health." />
<meta property="og:url" content="https://nedereromano.com.br/en/corporate-social-responsibility/" />
<meta property="og:site_name" content="Neder e Romano Advogados" />
<meta property="article:modified_time" content="2024-05-24T19:45:47+00:00" />
<meta property="og:image" content="https://nedereromano.com.br/wp-content/uploads/2024/04/1920x775-11-1024x413.png" />
	<meta property="og:image:width" content="1024" />
	<meta property="og:image:height" content="413" />
	<meta property="og:image:type" content="image/png" />
<meta name="twitter:card" content="summary_large_image" />
<meta name="twitter:label1" content="Est. reading time" />
	<meta name="twitter:data1" content="1 minute" />
<script type="application/ld+json" class="yoast-schema-graph">{"@context":"https://schema.org","@graph":[{"@type":"WebPage","@id":"https://nedereromano.com.br/en/corporate-social-responsibility/","url":"https://nedereromano.com.br/en/corporate-social-responsibility/","name":"Corporate Social Responsibility - Neder e Romano Advogados","isPartOf":{"@id":"https://nedereromano.com.br/en/#website"},"primaryImageOfPage":{"@id":"https://nedereromano.com.br/en/corporate-social-responsibility/#primaryimage"},"image":{"@id":"https://nedereromano.com.br/corporate-social-responsibility/#primaryimage"},"thumbnailUrl":"https://nedereromano.com.br/wp-content/uploads/2024/04/1920x775-11.png","datePublished":"2024-04-04T13:20:40+00:00","dateModified":"2024-05-24T19:45:47+00:00","breadcrumb":{"@id":"https://nedereromano.com.br/en/corporate-social-responsibility/#breadcrumb"},"inLanguage":"en-US","potentialAction":[{"@type":"ReadAction","target":[["https://nedereromano.com.br/en/corporate-social-responsibility/"]]}]},{"@type":"ImageObject","inLanguage":"en-US","@id":"https://nedereromano.com.br/en/corporate-social-responsibility/#primaryimage","url":"https://nedereromano.com.br/wp-content/uploads/2024/04/1920x775-11.png","contentUrl":"https://nedereromano.com.br/wp-content/uploads/2024/04/1920x775-11.png","width":1921,"height":775},{"@type":"BreadcrumbList","@id":"https://nedereromano.com.br/en/corporate-social-responsibility/#breadcrumb","itemListElement":[{"@type":"ListItem","position":1,"name":"Início","item":"https://nedereromano.com.br/en/"},{"@type":"ListItem","position":2,"name":"Responsabilidade Social"}]},{"@type":"WebSite","@id":"https://nedereromano.com.br/en/#website","url":"https://nedereromano.com.br/en/","name":"Neder e Romano Advogados","description":"","publisher":{"@id":"https://nedereromano.com.br/en/#organization"},"potentialAction":[{"@type":"SearchAction","target":{"@type":"EntryPoint","urlTemplate":"https://nedereromano.com.br/en/?s={search_term_string}"},"query-input":{"@type":"PropertyValueSpecification","valueRequired":true,"valueName":"search_term_string"}}],"inLanguage":"en-US"},{"@type":"Organization","@id":"https://nedereromano.com.br/en/#organization","name":"Neder e Romano Advogados","url":"https://nedereromano.com.br/en/","logo":{"@type":"ImageObject","inLanguage":"en-US","@id":"https://nedereromano.com.br/en/#/schema/logo/image/","url":"https://nedereromano.com.br/wp-content/uploads/2025/01/Logo-02.png","contentUrl":"https://nedereromano.com.br/wp-content/uploads/2025/01/Logo-02.png","width":797,"height":148,"caption":"Neder e Romano Advogados"},"image":{"@id":"https://nedereromano.com.br/en/#/schema/logo/image/"},"sameAs":["https://www.linkedin.com/company/nedereromano/posts/?feedView=all","https://www.instagram.com/nedereromano/"]}]}</script>
<!-- / Yoast SEO plugin. -->

The firm has a partnership with the Neymar Júnior Institute, located in Jardim Glória, Praia Grande, in the state of São Paulo, which serves thousands of children and young people, expanding opportunities for people living in situations of social vulnerability through education, culture, sport and health.

Início
